{"id":19,"date":"2015-07-17T12:54:10","date_gmt":"2015-07-17T10:54:10","guid":{"rendered":"http:\/\/immo.mygigahost.de\/immo-management\/?page_id=19"},"modified":"2015-10-30T19:39:24","modified_gmt":"2015-10-30T18:39:24","slug":"immobilien-langzeitvermietungen","status":"publish","type":"page","link":"https:\/\/immobilienarta.com\/immo-management\/immobilien-langzeitvermietungen\/","title":{"rendered":"Ferienvermietung"},"content":{"rendered":"<p><strong>Sie suchen ein geeignetes Ferienhaus bzw. eine Finca auf Mallorca f\u00fcr Ihren Urlaub?<\/strong><\/p>\n<p>Wir bieten Ihnen auf Mallorca Ferienh\u00e4user und Fincas an.<\/p>\n<p><strong>Was f\u00fcr ein Ferienhaus bzw. was f\u00fcr eine Finca suchen Sie genau?<\/strong><\/p>\n<p>Mit Pool, mit Kamin, oder mit Meerblick oder auf dem Land in idylischer Lage und viel Natur?<\/p>\n<p><strong>Fragen Sie uns!<\/strong><br \/>\nRufen Sie uns an oder schreiben Sie uns, wir k\u00fcmmern uns darum, dass Sie Ihr Traumhaus f\u00fcr Ihren Urlaub finden.<\/p>\n","protected":false},"excerpt":{"rendered":"<p>Sie suchen ein geeignetes Ferienhaus bzw. eine Finca auf Mallorca f\u00fcr Ihren Urlaub? Wir bieten Ihnen auf Mallorca Ferienh\u00e4user und Fincas an. Was f\u00fcr ein Ferienhaus bzw. was f\u00fcr eine Finca suchen Sie genau? Mit Pool, mit Kamin, oder mit&#8230; <a href=\"https:\/\/immobilienarta.com\/immo-management\/immobilien-langzeitvermietungen\/\" class=\"read-more\">Mehr lesen<\/a><\/p>\n","protected":false},"author":1,"featured_media":0,"parent":0,"menu_order":0,"comment_status":"closed","ping_status":"open","template":"templates\/no-sidebar.php","meta":[],"_links":{"self":[{"href":"https:\/\/immobilienarta.com\/immo-management\/wp-json\/wp\/v2\/pages\/19"}],"collection":[{"href":"https:\/\/immobilienarta.com\/immo-management\/wp-json\/wp\/v2\/pages"}],"about":[{"href":"https:\/\/immobilienarta.com\/immo-management\/wp-json\/wp\/v2\/types\/page"}],"author":[{"embeddable":true,"href":"https:\/\/immobilienarta.com\/immo-management\/wp-json\/wp\/v2\/users\/1"}],"replies":[{"embeddable":true,"href":"https:\/\/immobilienarta.com\/immo-management\/wp-json\/wp\/v2\/comments?post=19"}],"version-history":[{"count":7,"href":"https:\/\/immobilienarta.com\/immo-management\/wp-json\/wp\/v2\/pages\/19\/revisions"}],"predecessor-version":[{"id":196,"href":"https:\/\/immobilienarta.com\/immo-management\/wp-json\/wp\/v2\/pages\/19\/revisions\/196"}],"wp:attachment":[{"href":"https:\/\/immobilienarta.com\/immo-management\/wp-json\/wp\/v2\/media?parent=19"}],"curies":[{"name":"wp","href":"https:\/\/api.w.org\/{rel}","templated":true}]}}